f) = -f**3 + 6*f**2 + 10*f + 8. Give r(7).
29
Let t(j) = -j**3 + 3*j**2 - 11. Determine t(0).
-11
Let a(s) = s**3 + 11*s**2 + 3*s + 35. What is a(-11)?
2
Let p(s) = 4*s + 23. Calculate p(-15).
-37
Let b(l) = 2*l**2 + 8*l + 1. What is b(-3)?
-5
Let q(l) = 6*l + 6. Give q(-1).
0
Let h(l) = l**3 - 19*l**2 + 40*l - 20. Give h(17).
82
Let r(f) = f**2 - 15*f + 17. What is r(12)?
-19
Let t(z) = z**3 - 6*z**2 - 9*z + 17. What is t(7)?
3
Let l(o) = -o**3 - 6*o**2 - 6*o - 15. What is l(-7)?
76
Let p(q) = q**2 + q - 24. Determine p(-6).
6
Let z(x) = -x**2 - 14*x + 9. Give z(-14).
9
Let c(y) = -8*y + 224. Determine c(33).
-40
Let y(w) = -5*w**2 + 3*w - 4. Calculate y(-2).
-30
Let t(n) = n**2 + 9*n - 4. What is t(-9)?
-4
Let m(t) = t**3 - 23*t**2 - 24*t - 3. Calculate m(24).
-3
Let n(l) = -l**2 + 7. Give n(0).
7
Let b(p) = 6*p**3 + 4*p - 3. What is b(1)?
7
Let d(n) = n**2 - 5*n - 5. Calculate d(0).
-5
Let x(u) = u**2 - 9*u - 134. What is x(-8)?
2
Let k(j) = -j**2 - 14*j - 18. Calculate k(-12).
6
Let a(s) = 3*s + 38. Determine a(-12).
2
Let d(o) = 2*o**2 + 3*o + 1. Give d(-3).
10
Let z(g) = g**3 - 10*g**2 + 12*g - 18. Determine z(9).
9
Let w(t) = -t**3 + 2*t**2 + 3*t + 3. Calculate w(-2).
13
Let u(w) = -w**2 - 7*w + 19. Determine u(-9).
1
Let g(s) = -s**2 + 7*s + 13. Determine g(8).
5
Let w(v) = 26*v + 45. What is w(-3)?
-33
Let u(k) = -k**3 + 9*k**2 + 20*k - 2. Give u(11).
-24
Let v(f) = -16*f - 209. Determine v(-13).
-1
Let b(n) = -2*n**3 - 3*n**2 + 7*n - 6. Calculate b(-3).
0
Let i(x) = x**3 + 7*x**2 - 5*x - 26. Determine i(-7).
9
Let x(q) = -q**2 + 10*q - 18. Calculate x(8).
-2
Let l(p) = -p**3 + 11*p**2 - 11*p + 11. Calculate l(10).
1
Let z(p) = -6*p**2 - p - 10. Calculate z(-2).
-32
Let v(c) = -c**3 + 10*c**2 - 11*c + 4. Calculate v(9).
-14
Let i(g) = 17*g - 10. Determine i(5).
75
Let j(a) = -a**2 - 9*a - 9. Give j(-7).
5
Let m(j) = -4*j**2 - 4*j - 3. What is m(-1)?
-3
Let b(f) = 5*f**2 + 307*f - 186. Calculate b(-62).
0
Let h(f) = -6*f**2 + 27*f - 7. What is h(4)?
5
Let s(v) = 2*v**2 + 2*v - 11. Determine s(-7).
73
Let p(a) = 2*a + 36. Determine p(-15).
6
Let p(u) = -9*u + 69. Determine p(13).
-48
Let b(u) = -u**3 + 6*u**2 - 6*u + 1. Give b(5).
-4
Let z(s) = s**3 + s**2 - 2*s - 5. Give z(0).
-5
Let v(b) = -2*b - 60. Give v(-31).
2
Let z(i) = i**2 - 16*i - 1. Calculate z(16).
-1
Let s(z) = z**3 + 16*z**2 + 23*z + 120. Give s(-15).
0
Let a(d) = 2*d**2 - 33*d + 53. Determine a(15).
8
Let n(i) = 7*i + 4. Give n(2).
18
Let t(j) = 8*j - 118. What is t(15)?
2
Let o(u) = u**2 - 6*u + 7. Determine o(4).
-1
Let n(s) = -2*s**2 + 22*s - 5. Calculate n(11).
-5
Let k(v) = -v**2 - 7*v + 7. Calculate k(-16).
-137
Let m(j) = 6*j**2 - 3. What is m(-3)?
51
Let y(h) = 2*h + 49. Determine y(-21).
7
Let a(p) = -2*p**3 - 9*p**2 - 8*p - 22. What is a(-4)?
-6
Let y(p) = -p**3 - 2*p**2 - 4*p - 5. Determine y(0).
-5
Let h(q) = q**2 + 6*q - 33. Determine h(-10).
7
Let q(v) = v**2 + 8*v - 5. Give q(-8).
-5
Let g(v) = -v**2 + 10*v - 33. Determine g(14).
-89
Let v(r) = -2*r**2 - 11*r - 21. Give v(-7).
-42
Let u(p) = p**3 + 9*p**2 + 3*p - 4. Calculate u(-7).
73
Let c(t) = -3*t**2 - 22*t - 34. What is c(-2)?
-2
Let u(r) = 6*r + 26. Give u(-5).
-4
Let p(n) = -n**3 - 22*n**2 - 20*n - 16. Calculate p(-21).
-37
Let i(z) = -3*z**2 + 7*z - 1. What is i(7)?
-99
Let o(j) = -j**3 - j**2 + 2*j + 4. Give o(-2).
4
Let q(b) = -b + 4. Determine q(0).
4
Let x(c) = c**3 - 4*c**2 - 5*c + 6. What is x(5)?
6
Let t(n) = n**2 - 18*n - 171. Determine t(-7).
4
Let s(r) = r**2 + r - 7. Calculate s(-5).
13
Let h(v) = -4*v - 24. What is h(-7)?
4
Let m(z) = z**2 - 6*z + 4. Give m(6).
4
Let q(c) = c**3 - 7*c**2 + 9*c - 1. Calculate q(5).
-6
Let n(m) = 17*m + 145. Determine n(-7).
26
Let k(j) = j**3 + 5*j**2 + 2*j + 6. Calculate k(-6).
-42
Let w(s) = -2*s - 9. Determine w(-6).
3
Let f(s) = s - 18. Give f(17).
-1
Let u(z) = 5*z - 14. Calculate u(8).
26
Let q(b) = -7*b - 93. What is q(-13)?
-2
Let a(i) = -i**2 - 17*i + 16. Give a(-17).
16
Let y(m) = 5*m + 149. Determine y(-31).
-6
Let d(l) = -l**3 + 7*l**2 + 78*l + 1. Determine d(-6).
1
Let g(j) = -3*j - 4. Calculate g(1).
-7
Let o(j) = -j**3 - 6*j**2 - 5*j + 1. Give o(-2).
-5
Let v(g) = -43*g + 1151. What is v(27)?
-10
Let v(y) = 2*y**2 - 6*y - 14. Calculate v(6).
22
Let m(q) = q**3 - 4*q**2 - q + 1. What is m(-3)?
-59
Let p(k) = k**3 + 7*k**2 - 5*k - 4. What is p(-6)?
62
Let i(t) = -4*t - 74. Determine i(0).
-74
Let u(g) = -g**2 - 22*g - 52. Determine u(-19).
5
Let y(k) = k**3 + 13*k**2 + 12*k - 12. What is y(-12)?
-12
Let k(u) = u**2 + u - 8. Calculate k(-3).
-2
Let f(c) = -c**2 + c + 14. Calculate f(5).
-6
Let k(y) = y**3 + 7*y**2 - 8*y + 12. Calculate k(-8).
12
Let x(t) = 9*t - 57. Determine x(8).
15
Let w(u) = -u**3 + 15*u**2 - 43*u - 2. Give w(11).
9
Let g(b) = b**3 - 13*b**2 + 12*b + 4. Give g(12).
4
Let i(h) = -h**3 - 11*h**2 + 11*h - 11. Give i(-12).
1
Let h(s) = -5*s**2 + 41*s - 4. Calculate h(8).
4
Let j(t) = -t - 26. What is j(-11)?
-15
Let h(s) = s**2 + s - 5. Calculate h(-4).
7
Let r(i) = -3*i - 1. Calculate r(4).
-13
Let n(c) = -c**3 + 5*c**2 - 4*c + 4. Determine n(5).
-16
Let n(r) = 4*r + 2. What is n(22)?
90
Let y(c) = c**2 - c + 2. Determine y(-3).
14
Let w(d) = d**2 + 8*d - 23. Determine w(-8).
-23
Let c(u) = u**3 + 5*u**2 - 14*u + 1. Give c(-7).
1
Let p(v) = 2*v**2 - 5*v - 5. What is p(-2)?
13
Let b(s) = -s**3 + 11*s**2 + s - 114. What is b(10)?
-4
Let d(j) = j - 11. Determine d(15).
4
Let j(c) = 2*c + 22. What is j(-8)?
6
Let h(n) = 3*n + 43. Calculate h(-13).
4
Let d(g) = 10*g**2 + 2*g - 2. Determine d(-3).
82
Let p(r) = -9*r**2 + 48*r + 6. Calculate p(6).
-30
Let a(c) = c**3 + 3*c**2 + 5*c + 2. What is a(-2)?
-4
Let d(t) = -4*t**2 + 24*t - 13. Give d(7).
-41
Let x(p) = -p**3 + 6*p**2 + 11*p - 12. What is x(8)?
-52
Let j(x) = 5*x**2 + 4*x - 2. Determine j(1).
7
Let m(o) = 24*o - 58. Give m(3).
14
Let a(z) = -z - 5. Give a(-3).
-2
Let z(m) = -10*m - 295. Calculate z(-29).
-5
Let j(c) = c**3 - 73*c**2 + 141*c + 70. Determine j(71).
-1
Let z(c) = -c**3 + 8*c**2 - 2*c + 6. Calculate z(8).
-10
Let c(v) = v**3 + 11*v**2 + 3*v + 12. What is c(-11)?
-21
Let q(h) = -h**2 + 13*h - 6. Determine q(18).
-96
Let m(z) = -z**3 + 3*z**2 + 2*z - 8. Determine m(0).
-8
Let d(a) = a - 12. Give d(7).
-5
Let a(c) = c**2 + 2. Calculate a(4).
18
Let w(b) = -5*b + 11. Determine w(13).
-54
Let q(v) = -v**3 + 23*v**2 - 19*v + 443. What is q(23)?
6
Let l(t) = -t**3 - 30*t**2 - 28*t + 14. Give l(-29).
-15
Let p(h) = 12*h - 381. Determine p(33).
15
Let r(s) = -2*s + 13. Determine r(9).
-5
Let k(u) = 9*u - 5. Determine k(1).
4
Let v(c) = c**3 - 6*c**2 - 13*c + 9. Give v(6).
-69
Let b(m) = -3*m + 8. Determine b(5).
-7
Let l(d) = -d**3 + 2*d**2 + d + 4. Determine l(3).
-2
Let l(o) = 2*o - 22. Determine l(5).
-12
Let t(c) = 73*c**2 - 3*c + 1. What is t(1)?
71
Let w(s) = s**2 + 2*s - 55. Give w(-7).
-20
Let z(h) = 2*h + 5. Give z(-11).
-17
Let p(i) = i - 21. Determine p(14).
-7
Let w(b) = -5*b + 2. What is w(3)?
-13
Let d(j) = -3*j**3 - 3*j**2 - 3*j - 3. Give d(-2).
15
Let h(z) = 2*z - 2. What is h(6)?
10
Let d(z) = 6*z - 8. What is d(4)?
16
Let d(g) = -46*g - 187. Determine d(-4).
-3
Let s(x) = -x**3 + 11*x**2 + 11*x. Calculate s(12).
-12
Let w(u) = u**3 + 6*u**2 + 2*u - 18. Determine w(-4).
6
Let o(p) = -5*p**2 - 9*p - 35. Calculate o(-5).
-115
Let z(h) = -h**2 + 18*h - 14. Determine z(18).
-14
Let z(j) = j**3 + 32*j**2 + 83*j - 121. Determine z(-29).
-5
Let g(m) = m**2 + 15*m + 32. Calculate g(-11).
-12
Let j(s) = -37*s - 476. Give j(-13).
5
Let i(l) = l + 2. Give i(-5).
-3
Let p(q) = q**2 + 2*q + 13. Give p(7).
76
Let m(o) = 2*o**3 + 12*o**2 - 12*o + 5. Determine m(-7).
-9
Let k(p) = p**3 - 46*p**2 + 171*p - 120. Give k(42).
6
Let i(z) = 27*z + 2. Calculate i(2).
56
Let r(n) = -3*n**2 + 12*n - 20. What is r(2)?
-8
Let q(j) = j**3 + 6*j**2 - 11*j - 5. Give q(-7).
23
Let u(d) = -5*d - 8. Determine u(-11).
47
Let y(j) = 14*j**3 + j**2 - 1. Determine y(-1).
-14
Let h(j) = 3*j + 22. What is h(-8)?
-2
Let g(h) = -h**2 - 8*h - 6. Give g(-6).
6
Let f(c) = c - 23. Calculate f(-11).
-34
Let h(y) = -y**3 + 7*y**2 - 11*y + 3. Give h(5).
-2
Let c(q) = 31*q**2 - 7*q - 8. Calculate c(-1).
30
Let r(n) = -8*n - 14. What is r(-3)?
10
Let u(t) = t**3 + t**2 - 8*t - 9. Calculate u(-4).
